ime?
False
Is 566911 a composite number?
False
Is 1806958 composite?
True
Is 58550539 composite?
True
Is 3362929 a prime number?
True
Is 22464731 composite?
True
Is 9508405 composite?
True
Is 8625173 a prime number?
True
Is 135014569 a prime number?
False
Is 232727351 a composite number?
False
Is 5000603 composite?
True
Is 1521337 composite?
False
Is 12308173 a composite number?
False
Is 3214349 prime?
True
Is 3323071 a prime number?
False
Is 9664887 a composite number?
True
Is 50182147 a prime number?
False
Is 4641535 prime?
False
Is 952649 prime?
True
Is 47318539 prime?
True
Is 247183 composite?
False
Is 5953469 a composite number?
True
Is 290999563 a composite number?
True
Is 5324597 a prime number?
True
Is 109086598 a prime number?
False
Is 656101577 a prime number?
False
Is 8580163 a composite number?
True
Is 11207899 prime?
True
Is 4446763 prime?
True
Is 777199 composite?
False
Is 5299871 a composite number?
False
Is 20055989 composite?
True
Is 552942029 composite?
False
Is 362593241 a prime number?
True
Is 42362161 a composite number?
False
Is 22814081 a composite number?
True
Is 93163659 prime?
False
Is 160162339 prime?
False
Is 43638527 prime?
True
Is 218452001 prime?
True
Is 96760109 a prime number?
True
Is 402109 prime?
False
Is 71396329 prime?
False
Is 618521 a composite number?
False
Is 3475235 prime?
False
Is 647783 prime?
True
Is 12027881 a composite number?
False
Is 3338717 a composite number?
False
Is 1589371 a prime number?
False
Is 8594013 a prime number?
False
Is 14431114 a composite number?
True
Is 330763379 prime?
False
Is 4412897 a prime number?
True
Is 284303333 a composite number?
False
Is 12224263 a composite number?
True
Is 28357181 prime?
False
Is 41521913 composite?
False
Is 31219823 a composite number?
True
Is 369402689 a prime number?
True
Is 3004217 a prime number?
True
Is 720581 a composite number?
True
Is 55657985 a composite number?
True
Is 11237509 prime?
True
Is 735959 composite?
True
Is 6623369 prime?
True
Is 192236479 prime?
True
Is 1670857 a prime number?
True
Is 2943893 a composite number?
True
Is 176829 a composite number?
True
Is 4645363 composite?
False
Is 12238367 a prime number?
True
Is 2065793 a composite number?
True
Is 4990345 prime?
False
Is 10748659 composite?
True
Is 4366471 a composite number?
False
Is 17178485 a prime number?
False
Is 7271911 a prime number?
True
Is 38705911 composite?
False
Is 3539083 composite?
False
Is 106477489 a prime number?
True
Is 99595087 prime?
True
Is 5699851 prime?
True
Is 74722913 a prime number?
True
Is 36047507 composite?
True
Is 23349943 composite?
False
Is 107207 composite?
True
Is 2870171 a prime number?
True
Is 46073777 prime?
True
Is 58873 composite?
True
Is 39797291 a composite number?
True
Is 96960889 a prime number?
False
Is 64264237 prime?
False
Is 565441 composite?
False
Is 200411339 prime?
True
Is 39665669 a prime number?
True
Is 118405063 a composite number?
True
Is 611759 a composite number?
True
Is 1278287 a prime number?
True
Is 929861 a composite number?
False
Is 11636591 prime?
False
Is 10871495 a composite number?
True
Is 2759215 a prime number?
False
Is 23723893 composite?
False
Is 5083927 a composite number?
False
Is 23865445 prime?
False
Is 30151381 a prime number?
False
Is 4508269 a prime number?
False
Is 12993173 a prime number?
True
Is 32941409 composite?
True
Is 7402261 a composite number?
True
Is 48507365 composite?
True
Is 12846779 prime?
False
Is 30843611 a prime number?
True
Is 6936161 a prime number?
False
Is 152323865 a composite number?
True
Is 33982669 a prime number?
False
Is 802031 prime?
True
Is 27053651 composite?
True
Is 7950557 a composite number?
True
Is 131901727 composite?
True
Is 19356767 a composite number?
False
Is 386881727 a composite number?
False
Is 70876871 a prime number?
False
Is 455806633 composite?
False
Is 73311457 composite?
False
Is 52322737 a prime number?
True
Is 104385529 composite?
True
Is 75559 a composite number?
True
Is 182119173 composite?
True
Is 440831 a prime number?
True
Is 55901623 a composite number?
False
Is 3655199 a prime number?
True
Is 9289979 prime?
True
Is 979273439 prime?
True
Is 49901503 a prime number?
True
Is 75856007 prime?
True
Is 783781949 a composite number?
False
Is 2005859 prime?
True
Is 2745133 a prime number?
False
Is 7940293 prime?
True
Is 139255609 composite?
False
Is 9695929 prime?
False
Is 2006377 a prime number?
True
Is 3460823 prime?
False
Is 62938 composite?
True
Is 634253 a composite number?
True
Is 22415713 a prime number?
True
Is 332495213 a prime number?
True
Is 607112263 composite?
True
Is 1093819 a composite number?
True
Is 81261197 a prime number?
True
Is 184697 prime?
False
Is 17155769 composite?
True
Is 2521117 a composite number?
True
Is 66733 composite?
False
Is 52188043 a prime number?
True
Is 838277 composite?
True
Is 7754829 a prime number?
False
Is 31840829 a prime number?
True
Is 1293797 a composite number?
False
Is 3539873 a composite number?
True
Is 69493181 composite?
False
Is 2228981 a prime number?
True
Is 818804697 a composite number?
True
Is 39632561 composite?
False
Is 86196161 a prime number?
False
Is 22114874 prime?
False
Is 4684103 a composite number?
False
Is 55753067 composite?
False
Is 8570587 a composite number?
False
Is 8444147 a composite number?
False
Is 7973897 a composite number?
True
Is 89113061 composite?
False
Is 150555091 prime?
True
Is 211311669 composite?
True
Is 260328943 a composite number?
True
Is 11968321 composite?
False
Is 23427143 a prime number?
True
Is 26897147 a prime number?
False
Is 12168953 prime?
False
Is 155143 prime?
False
Is 1381637 a composite number?
False
Is 14731921 a composite number?
False
Is 3124109 prime?
False
Is 63922801 composite?
False
Is 192115019 a prime number?
False
Is 1208813 composite?
False
Is 53772265 a composite number?
True
Is 63131867 a prime number?
True
Is 8676179 a prime number?
False
Is 10320223 a prime number?
True
Is 25993741 a composite number?
True
Is 7959551 prime?
False
Is 23549741 composite?
False
Is 48602567 a composite number?
True
Is 309457 composite?
False
Is 273990287 a prime number?
True
Is 2487747 composite?
True
Is 62533 a composite number?
False
Is 3199673 a composite number?
True
Is 1529189 a composite number?
False
Is 56402117 a composite number?
False
Is 21113221 composite?
False
Is 79528541 composite?
False
Is 11084129 a prime number?
False
Is 1314739 composite?
True
Is 1498217 composite?
True
Is 13294511 composite?
False
Is 986243 a composite number?
True
Is 7186039 a prime number?
False
Is 86245933 a prime number?
True
Is 7942141 prime?
False
Is 34258841 a prime number?
False
Is 113653 prime?
False
Is 1663313 composite?
True
Is 14199281 a prime number?
True
Is 633534457 prime?
True
Is 1959613 a prime number?
False
Is 4164947 a composite number?
False
Is 5256577 a prime number?
False
Is 18861011 composite?
True
Is 494147 a composite number?
False
Is 15527517 composite?
True
Is 18383 composite?
True
Is 17463161 a composite number?
False
Is 27405185 composite?
True
Is 43969389 a prime number?
False
Is 62756362 a composite number?
True
Is 6132967 a prime number?
True
Is 1201831 a composite number?
True
Is 247861 prime?
False
Is 93310849 a prime number?
False
Is 180528317 composite?
True
Is 44172253 composite?
False
Is 95259077 a prime number?
False
Is 32395955 prime?
False
Is 30266353 a prime number?
False
Is 27689097 prime?
False
Is 106678399 a composite number?
True
Is 3269681 a composite number?
False
Is 17832631 a prime number?
False
Is 11609167 composite?
True
Is 59939083 a composite number?
True
Is 192904247 a composite number?
False
Is 107558377 a composite number?
False
Is 20069405 a prime number?
False
Is 825647 a prime number?
True
Is 1491649 composite?
False
Is 3139187 a composite number?
False
Is 181803 a prime number?
False
Is 236805841 composite?
False
Is 127555177 composite?
False
Is 5492447 a composite number?
True
Is 21816361 composite?
True
Is 14180653 composite?
True
Is 54767 prime?
True
Is 36619727 a prime number?
True
Is 3056979 a prime number?
False
Is 140847755 a prime number?
False
Is 1056443 prime?
True
Is 6779441 a prime number?
True
Is 289241 composite?
False
Is 11211661 a composite number?
True
Is 2396731 a prime number?
True
Is 